 units digit of j?
7
Suppose 90 = 39*m - 18*m - 27*m. Let u(y) = -5 - 3 - 1 + 14*y**2 - 18*y + y**3. What is the tens digit of u(m)?
3
Suppose 0 = 69*i - 84*i + 212040. Suppose -35*t = -i - 20584. What is the hundreds digit of t?
9
Let s be (0 - 0)/2 - 172/43. What is the tens digit of 2*((-741)/(-6) + s) - 5?
3
Suppose 5*t + 2*f = t + 1328, -3*t + f + 996 = 0. Suppose -364 - t = -3*c. What is the tens digit of (11/(-44))/((-2)/c)?
2
Suppose -u + 43 = 2*y - 2*u, 3*y = 3*u + 69. Let m be 0 + 1044/y + 4/(-20). Let g = m + 25. What is the tens digit of g?
7
Let w = -136 + 149. Suppose -21*y + 2048 = -w*y. What is the units digit of y?
6
Let r(s) = 15*s - 7. Suppose 4*h + 4*a = 4, 3*h + 4*a + 4 = h. Let b be 8 - 1/(h/4). What is the units digit of r(b)?
8
Let p = 114 - 109. Suppose -v - r = -171 - 62, -p*v = -3*r - 1149. What is the tens digit of v?
3
Let a(p) = 950*p**2 - 2*p + 3. Let l be a(2). Suppose -19*b + 2338 + l = 0. What is the units digit of b?
3
Let v(d) = -16*d - 14*d - d**2 + 40 + 44*d - 6*d - 11*d. What is the tens digit of v(0)?
4
Let g(x) = 76*x**2 - 241*x + 78. What is the ten thousands digit of g(14)?
1
Let u = -844 + 1288. Let i = -312 + u. What is the units digit of i?
2
Let z(k) = -34*k + 34. Let q(i) = -1. Let w(p) = -12*q(p) - z(p). What is the tens digit of w(3)?
8
Let d be ((-213)/9)/(10/(-20))*9. Suppose 14*f = 11166 + d. What is the tens digit of f?
2
Let c(g) = 763*g + 1572. What is the thousands digit of c(6)?
6
Let w(d) = d + 10. Let g be w(-6). What is the units digit of (-21333)/(-26) + (-2)/g?
0
Suppose 17*y + 14 = 15*y, -158395 = -4*n - 3*y. What is the hundreds digit of n?
6
Let t = -30129 + 57598. What is the tens digit of t?
6
What is the tens digit of -1*(9 + (-1 - 11132)) - 2?
2
Let l(v) = v**3 + 10*v**2 + 8*v - 7. Let p be l(-9). Suppose 1713 = i + p*k, -2*i + 0*k - k = -3441. What is the hundreds digit of i?
7
Let g(q) = 4*q - 9. Let h be (-45)/(-15) - (-2 + 1). Suppose 56 = 2*x - 5*j + 17, 3*x - 41 = h*j. What is the units digit of g(x)?
9
Let y be (0/(-3) - 2) + 567*1. Let c = y - 267. What is the hundreds digit of c?
2
Suppose 0 = -6*o + 3*o - 9, -5*o = -3*k - 24. Let m(w) = -152 + w + 106 + 69. What is the units digit of m(k)?
0
Let x(t) be the third derivative of t**6/60 - 11*t**4/12 + 26*t**2. Let k(h) be the second derivative of x(h). What is the tens digit of k(7)?
8
Let i = 57 + -52. Let b be (12/(-20))/(-1) + (-123)/i. Let j = 47 - b. What is the units digit of j?
1
Let w(p) = 3*p**3 + 14*p**2 - 311*p + 18. What is the units digit of w(28)?
2
Let y(q) = -38*q + 22. Let t be y(8). Let a = t - -336. What is the tens digit of a?
5
Suppose 3*m - 4*q - 3846 = 24165, -18673 = -2*m + 3*q. What is the units digit of m?
1
Let j = 55 + -51. Suppose -i - 11 - 8 = -4*c, j*i = 4. Suppose -3*v + c*v - 180 = 0. What is the units digit of v?
0
Let n = 151 - 175. What is the units digit of n/(-252) + (-39621)/(-63)?
9
Suppose -3*v = -15*v + 1392. Suppose 8*g + 4 = v. Suppose -g*b = -4*b - 1410. What is the hundreds digit of b?
1
What is the units digit of (2/(-7))/(107/(-1498))?
4
Let c(t) = -37*t + 23. Let u be c(2). What is the units digit of (u/(-153))/(1/2214)?
8
Let z = -449 - -457. What is the hundreds digit of 2364/(((-45)/(-20) - 2)*z)?
1
Suppose i = 1, 2*i = 4*s - i - 801. Let t = s + -121. What is the tens digit of t?
8
Let v(i) = -7560*i + 15. What is the tens digit of v(-1)?
7
Let a be 78/15 + -2 + (-2)/10. Suppose 1404 = -a*x + 7*x. What is the tens digit of x?
5
Let a(n) = 10*n + 3*n**3 + 0 + 18 + 12*n**2 - 2*n**2. Let p(i) = -4*i**3 - 9*i**2 - 11*i - 17. Let d(k) = 3*a(k) + 2*p(k). What is the tens digit of d(-11)?
5
Let q(f) = -f**3 + 18*f**2 - 27*f - 17. Let r be q(15). Let p = r - -28. What is the tens digit of p?
8
Let j = 1625 - 1056. Let n = j - 117. What is the units digit of n?
2
Let x(h) = 39*h**2 - 30 - 1002*h**3 + 2007*h**3 - 1004*h**3 - 34*h. What is the hundreds digit of x(-39)?
2
Suppose 2*l = -2*i - 8, 0 = -0*i + 5*i - 4*l + 38. What is the units digit of 20/(-8)*(-8 - i) + 490?
5
Let n(v) be the first derivative of 3*v**2/2 + 28*v + 13. Let k be n(-9). What is the tens digit of (k*7)/(7/91)?
9
Let c(w) = 368*w - 4 + 723*w - 9 + 6. Let a be c(-7). What is the tens digit of ((-6)/(-4) + 1)*a/(-210)?
9
Suppose 0 = -9*b + 20 + 16. Let l(i) = 55*i + 125. What is the units digit of l(b)?
5
Let h(i) = -2 - 86*i**3 - 4*i - 7*i**3 - 3*i**2 + 2*i**2. Suppose 15*t + k = 13*t, k = -4*t - 2. What is the tens digit of h(t)?
9
Suppose -1456 = 6*p + 2*p. Let j = -17 - p. What is the units digit of j?
5
Let w = -25 + 27. Let u be 20*(-27)/w*(-4)/(-24). Let y = u + 282. What is the units digit of y?
7
Let n = -4187 + 4241. Let q be 9*(0 + (-28)/(-6)). Let p = n - q. What is the units digit of p?
2
Suppose 5*t - 9*t = -5*v + 3782, 10 = -5*v. Let i = -403 - t. What is the tens digit of i?
4
Suppose 22 = -h - b, -2*h - 3*h - 94 = -3*b. Let o = h - -287. What is the units digit of o?
7
Let r be (35 - 80)*(-14082 + 1 + -2). What is the units digit of (-4)/(-30) - r/(-675)?
9
Suppose -2*v - 8434 = -92472. What is the ten thousands digit of v?
4
Let r = -5805 + 15081. What is the thousands digit of r?
9
Let o = 13695 + 892. What is the units digit of o?
7
Suppose 0 = -5*p - d + 243, 5*d - d = -3*p + 139. Suppose -u + 430 = -p. Suppose -4*s + 3*g = -u, 102 + 115 = 2*s + 3*g. What is the tens digit of s?
1
Suppose s - 7494 = 2*c, -15000 = -2*s - 2*c - 0*c. Suppose s = 19*p + 164. What is the tens digit of p?
8
Let b(r) = 261*r**2 + 35*r - 111. What is the hundreds digit of b(4)?
2
Let n be 7 - (15 + -5) - 2. Let z(g) = -31*g - 17. Let i(b) = -32*b - 18. Let a(x) = -2*i(x) + 3*z(x). What is the tens digit of a(n)?
3
Suppose -4*c - c - 3*w - 130 = 0, -4*w = c + 43. Let t = c + 13. What is the units digit of ((-15)/t)/((-9)/(-462))?
7
Suppose -5*n + 230 = -j + 69, 0 = -5*n + 4*j + 164. Suppose -n = v - 5*v - 4*t, 0 = 2*v - 5*t + 12. Suppose v*z + 285 = 7*z. What is the units digit of z?
5
Suppose 0 = -14*s + 2*s + 2352. Let b be -1 + 1 + -1 - -129. Let v = s - b. What is the tens digit of v?
6
Let n(t) = 8*t**2 - 12*t - 62. Let w be 11 + -11 - (7 + 0/3). What is the units digit of n(w)?
4
Let d = -20580 + 56248. What is the ten thousands digit of d?
3
Let o = 213 - 139. Suppose -o*c - 64 = -78*c. What is the units digit of c + -18 - 73*-1?
1
Let h(z) = 25*z**2 - 119*z - 94. What is the units digit of h(22)?
8
Let o = 51096 + -34737. What is the units digit of o?
9
Let w = 29049 - 18866. What is the thousands digit of w?
0
Let r(a) = -36*a - 98. Suppose 76 = -c + 42. What is the tens digit of r(c)?
2
Let j(s) = 9*s**3 + 25*s**2 - 12*s - 33. Let y(i) = -16*i**3 - 48*i**2 + 23*i + 67. Let x(f) = -7*j(f) - 4*y(f). What is the tens digit of x(-15)?
3
Let x = -77 + 9322. What is the thousands digit of x?
9
Let m(o) = 2*o**3 - 57*o**2 - 4*o - 248. What is the thousands digit of m(32)?
6
Let t be (-195)/(-27) - (8/36 + 0). Suppose -t*l = l - 2392. What is the hundreds digit of l?
2
Suppose 4*p - 6*s = 69994, -p + 214 = 2*s - 17267. What is the thousands digit of p?
7
Suppose 7452 = 19*s - 7*s. Let u = s + -304. What is the hundreds digit of u?
3
Suppose 12 = 3*d, d = -4*s - 2*d - 1424. Let r = 428 - 625. Let t = r - s. What is the hundreds digit of t?
1
Suppose -8*m = 4*c - 219900 + 77792, 0 = 3*m + 3*c - 53292. What is the tens digit of m?
6
Let u = 203195 + -108972. What is the tens digit of u?
2
Let y = 192134 - 135499. What is the thousands digit of y?
6
Let l = -11 - -17. Suppose l*k = 7*k + 141. Let x = -62 - k. What is the tens digit of x?
7
Let u(a) = -139*a + 3433. What is the hundreds digit of u(-3)?
8
Let t(p) = -949*p + 445. What is the hundreds digit of t(-7)?
0
Suppose -5*m - 9 = 3*b - 2*m, -2*b = m + 10. Let o(i) = -42*i + 60. What is the hundreds digit of o(b)?
3
Let h(p) be the first derivative of p**3/3 - 12*p**2 - 32*p + 71. What is the units digit of h(-14)?
0
Let x(p) = 97*p + 6139. What is the units digit of x(68)?
5
Let h(n) = 796*n - 1281. What is the tens digit of h(6)?
9
Let i(x) = -6*x**3 + 12*x**2 + 9*x - 39. Let k be i(5). Let d = k - -783. What is the hundreds digit of d?
3
Let n = 46359 - 25193. What is the units digit of n?
6
Suppose 3*j = 3*u + u - 3, -22 = 2*j + 4*u. Let p(v) = -v 